324 a multiple of 633?
True
Does 19 divide 248520?
True
Is 4 a factor of 1164?
True
Does 201 divide 3244140?
True
Is 541 a factor of 2306745?
False
Is 83 a factor of 415000?
True
Is 10 a factor of 6343127?
False
Does 43 divide 4295388?
False
Is 29 a factor of 20778210?
True
Is 2206347 a multiple of 33?
True
Is 6 a factor of 1231097?
False
Is 8134420 a multiple of 1198?
True
Is 34 a factor of 1121985?
False
Does 158 divide 349022?
True
Is 60 a factor of 1328580?
True
Does 29 divide 86710?
True
Is 501765 a multiple of 55?
True
Is 180 a multiple of 6?
True
Does 54 divide 1396714?
False
Is 491437 a multiple of 113?
True
Is 46 a factor of 43286?
True
Is 3865265 a multiple of 26?
False
Is 358776 a multiple of 216?
True
Is 453409 a multiple of 165?
False
Does 35 divide 7812260?
False
Does 91 divide 8581846?
True
Does 447 divide 4174980?
True
Is 112053 a multiple of 1312?
False
Is 999922 a multiple of 36?
False
Is 17732 a multiple of 2?
True
Is 104 a factor of 22054?
False
Does 188 divide 858032?
True
Is 645 a factor of 3257460?
False
Is 558525 a multiple of 787?
False
Does 43 divide 1352522?
True
Is 8212389 a multiple of 91?
False
Does 223 divide 1265695?
False
Is 51667 a multiple of 847?
True
Does 20 divide 544980?
True
Is 794 a factor of 826749?
False
Is 18 a factor of 1712734?
False
Is 16447 a multiple of 7?
False
Does 9 divide 1038974?
False
Is 93414 a multiple of 361?
False
Is 8 a factor of 350544?
True
Is 12 a factor of 2175528?
True
Is 9635486 a multiple of 50?
False
Is 260 a factor of 224380?
True
Does 17 divide 1508980?
False
Is 637896 a multiple of 28?
True
Is 708930 a multiple of 120?
False
Is 121 a factor of 27400035?
False
Is 33983666 a multiple of 1198?
True
Does 14 divide 4290762?
True
Is 3788824 a multiple of 23?
False
Does 29 divide 44627?
False
Is 291 a factor of 384983?
False
Is 5160778 a multiple of 98?
True
Does 176 divide 47168?
True
Is 16 a factor of 316000?
True
Is 1792 a factor of 8005088?
False
Is 397 a factor of 43273?
True
Is 13 a factor of 779763?
False
Is 8 a factor of 208141?
False
Is 14292969 a multiple of 1189?
True
Is 121 a factor of 345697?
True
Is 21 a factor of 424704?
True
Is 49 a factor of 310025?
False
Is 295 a factor of 889756?
False
Is 32 a factor of 498112?
True
Is 168003 a multiple of 3?
True
Does 57 divide 728182?
False
Is 72 a factor of 16143?
False
Is 776100 a multiple of 60?
True
Does 17 divide 8896593?
True
Does 450 divide 12744222?
False
Does 733 divide 360636?
True
Is 197001 a multiple of 53?
True
Is 315 a factor of 164745?
True
Does 38 divide 9576?
True
Is 1579 a factor of 244745?
True
Is 10519350 a multiple of 95?
True
Is 351 a factor of 336609?
True
Is 1546901 a multiple of 712?
False
Is 968 a factor of 1437480?
True
Is 300 a factor of 3842400?
True
Is 15 a factor of 436501?
False
Does 130 divide 2780440?
True
Is 31 a factor of 635965?
True
Does 3 divide 7632?
True
Is 165 a factor of 426786?
False
Is 497192 a multiple of 173?
False
Is 733 a factor of 27849851?
False
Is 116919 a multiple of 14?
False
Is 19 a factor of 209855?
True
Is 31985 a multiple of 4?
False
Is 49 a factor of 110054?
True
Is 523 a factor of 6068369?
True
Does 13 divide 623608?
False
Is 4211912 a multiple of 68?
False
Is 23 a factor of 11828831?
True
Is 175 a factor of 1709166?
False
Does 233 divide 93437?
False
Does 27 divide 3106971?
True
Is 863814 a multiple of 2?
True
Is 166 a factor of 5768791?
False
Is 4 a factor of 610852?
True
Is 24 a factor of 8002968?
True
Is 972732 a multiple of 24?
False
Is 212 a factor of 1060815?
False
Does 59 divide 838862?
True
Is 6928998 a multiple of 951?
False
Does 64 divide 382976?
True
Does 83 divide 303946?
True
Is 99 a factor of 7580628?
True
Does 224 divide 7731658?
False
Does 301 divide 4975229?
True
Is 28021 a multiple of 6?
False
Is 417392 a multiple of 152?
True
Is 120480 a multiple of 5?
True
Does 5 divide 221853?
False
Is 172643 a multiple of 33?
False
Does 15 divide 217387?
False
Does 1579 divide 14359426?
True
Does 28 divide 1304219?
False
Does 16 divide 2533717?
False
Does 17 divide 12595853?
False
Does 41 divide 867910?
False
Is 303426 a multiple of 12?
False
Does 10 divide 43700?
True
Does 14 divide 178541?
False
Is 40350 a multiple of 223?
False
Is 109 a factor of 159467?
True
Does 58 divide 292743?
False
Is 1878050 a multiple of 272?
False
Is 9 a factor of 4446?
True
Is 7 a factor of 9709?
True
Is 1105 a factor of 6295185?
True
Is 2032523 a multiple of 51?
False
Is 40171 a multiple of 17?
True
Does 114 divide 4491942?
True
Is 2423 a multiple of 3?
False
Is 3981542 a multiple of 249?
False
Is 17586914 a multiple of 38?
False
Is 22149990 a multiple of 1853?
False
Does 19 divide 500859?
True
Is 210 a factor of 224280?
True
Is 3176875 a multiple of 425?
True
Is 574700 a multiple of 224?
False
Does 12 divide 1812?
True
Is 1680478 a multiple of 51?
False
Is 4 a factor of 1755448?
True
Is 211 a factor of 491841?
True
Is 70920 a multiple of 180?
True
Does 3 divide 430962?
True
Is 268532 a multiple of 30?
False
Does 112 divide 16576?
True
Is 479219 a multiple of 193?
True
Is 182899 a multiple of 113?
False
Is 16 a factor of 89040?
True
Does 28 divide 1616776?
True
Is 3140365 a multiple of 36?
False
Is 14 a factor of 12299266?
True
Is 4047727 a multiple of 30?
False
Does 582 divide 167454?
False
Is 9 a factor of 44366?
False
Does 74 divide 715508?
False
Does 84 divide 80724?
True
Is 69190 a multiple of 5?
True
Is 2371075 a multiple of 23?
False
Is 170588 a multiple of 4?
True
Does 551 divide 30591209?
False
Is 616930 a multiple of 191?
True
Is 15 a factor of 603165?
True
Is 11 a factor of 9082007?
True
Does 68 divide 1071?
False
Does 11 divide 176535?
False
Is 123 a factor of 270600?
True
Is 21 a factor of 13923?
True
Is 6 a factor of 139272?
True
Does 297 divide 246807?
True
Is 51826 a multiple of 3?
False
Does 14 divide 79212?
True
Is 5177214 a multiple of 238?
True
Is 928625 a multiple of 8?
False
Is 95 a factor of 1313741?
False
Is 6780568 a multiple of 618?
False
Is 5928 a multiple of 57?
True
Is 53 a factor of 21147?
True
Is 20602993 a multiple of 13?
False
Is 87 a factor of 454803?
False
Is 34 a factor of 62016?
True
Is 822 a factor of 6468161?
False
Is 9269 a multiple of 29?
False
Is 801168 a multiple of 51?
False
Is 333468 a multiple of 314?
True
Is 457429 a multiple of 117?
False
Is 53 a factor of 1189161?
True
Is 154 a factor of 121726?
False
Does 907 divide 12729309?
False
Is 629671 a multiple of 59?
False
Is 10754988 a multiple of 11?
False
Does 120 divide 1396917?
False
Is 20 a factor of 114340?
True
Is 4183572 a multiple of 60?
False
Is 509856 a multiple of 47?
True
Does 29 divide 26430?
False
Is 13 a factor of 24537?
False
Does 43 divide 1264998?
False
Does 201 divide 6482915?
False
Is 93234 a multiple of 123?
True
Does 19 divide 66275?
False
Is 8 a factor of 380996?
False
Does 251 divide 6953155?
False
Is 10 a factor of 326989?
False
Does 124 divide 1160268?
True
Is 1399 a factor of 15418379?
True
Does 5 divide 50035?
True
Is 41083 a multiple of 198?
False
Does 26 divide 12421630?
True
Is 4 a factor of 110944?
True
Is 10173157 a multiple of 132?
False
Is 288 a factor of 14139360?
True
Does 12 divide 3464988?
True
Is 2985630 a multiple of 49?
False
Is 117932 even?
True
Is 4 a factor of 7099472?
True
Does 274 divide 680616?
True
Does 81 divide 11574819?
True
Is 473 a multiple of 11?
True
Does 29 divide 37518?
False
Does 219 divide 64386?
True
Does 30 divide 21167?
False
Does 23 divide 2193878?
True
Is 932368 a multiple of 16?
True
Is 13998136 a multiple of 475?
False
Is 1032 a factor of 9335472?
True
Is 17 a factor of 905014?
False
Is 55 a factor of 37290?
True
Is 25 a factor of 354275?
True
Is 755208 a multiple of 72?
True
Is 6 a factor of 1877718?
True
Does 8 divide 63333?
False
Is 1300535 a multiple of 640?
False
Does 378 divide 135902?
False
Is 2 a factor of 25276?
True
Is 88815 a multiple of 74?
False
Is 453 a factor of 31710?
True
Does 47 divide 41830?
True
Is 13630 a multiple of 6?
False
Does 6 divide 266472?
True
Is 99 a factor of 104445?
True
Does 60 divide 6318425?
False
Is 723027 a multiple of 105?
False
Is 3703050 a multiple of 18?
True
Does 95 divide 67830?
True
Does 23 divide 12816?
False
Is 138 a factor of 300702?
True
Is 54 a factor of 1338672?
False